termine z(157).
-1
Let v(t) = -2*t**3 + 181*t**2 - 439*t - 86. Determine v(88).
2
Let n(r) = r**2 - 39*r - 2261. Give n(-32).
11
Let z(q) = -76*q + 988. What is z(13)?
0
Let v(b) = -b**2 - 30*b + 8306. Determine v(77).
67
Let d(y) = 188*y + 2209. Determine d(-13).
-235
Let s(y) = 765*y + 18353. Give s(-24).
-7
Let v(k) = -k**3 - 38*k**2 - 38*k - 184. Calculate v(-37).
-147
Let z(o) = 50*o**3 + 10651*o**2 + 213*o - 2. Calculate z(-213).
-2
Let t(b) = -b**3 - 93*b**2 - 1039*b + 66. Give t(-80).
-14
Let v(f) = f**3 + 13*f**2 + 34*f. What is v(-10)?
-40
Let y(i) = -11*i**2 + 24*i - 10. Give y(2).
-6
Let r(p) = -10573*p - 433493. Give r(-41).
0
Let d(y) = -431*y - 58609. Calculate d(-136).
7
Let y(n) = -n + 19. What is y(-4)?
23
Let s(i) = 6*i**2 + 128*i + 8. Give s(-20).
-152
Let a(j) = 71*j + 2790. Calculate a(-39).
21
Let d(u) = -20*u - 1198. Calculate d(-48).
-238
Let r(t) = -t**3 - 34*t**2 + 58*t - 1. Determine r(-35).
-806
Let z(s) = -s**3 - 32*s**2 + 62*s + 575. Determine z(-34).
779
Let s(y) = -37*y - 154. What is s(-4)?
-6
Let z(x) = -21*x**2 + 3211*x + 310. What is z(153)?
4
Let d(z) = 4*z**2 + 34*z - 9828. Determine d(-54).
0
Let r(z) = 40*z - 342. What is r(-8)?
-662
Let j(v) = 17*v**2 - 196*v - 47. What is j(12)?
49
Let f(p) = p**3 + 138*p**2 - 290*p - 1412. What is f(-140)?
-12
Let f(c) = -33*c + 18. Give f(3).
-81
Let v(b) = -3*b**3 - 12*b**2 - 29*b - 65. What is v(-4)?
51
Let g(r) = -2*r**2 + 16*r + 84. Give g(8).
84
Let n(d) = -2*d**3 + 10*d**2 + 67*d - 335. Calculate n(5).
0
Let n(y) = -y**3 + 4*y**2 + 15*y - 23. Give n(9).
-293
Let w(c) = 63*c + 2. Determine w(1).
65
Let b(t) = t**3 - 104*t**2 - 1019*t - 16. What is b(-9)?
2
Let w(x) = 3*x**2 - 38*x - 15. Give w(8).
-127
Let u(m) = -m**2 - 77*m - 614. Calculate u(-68).
-2
Let f(o) = -290*o - 3782. What is f(-13)?
-12
Let v(c) = 4*c**3 - 2*c**2 + 723*c - 1440. Determine v(2).
30
Let a(b) = -b**2 + 396*b + 8413. What is a(-20)?
93
Let j(y) = -15*y + 580. Calculate j(37).
25
Let v(g) = g**2 + 482*g - 7460. Determine v(15).
-5
Let v(x) = 7*x**2 + 8*x + 6. Give v(-6).
210
Let x(y) = 5*y**2 + 10*y + 32. What is x(-5)?
107
Let z(n) = 8*n**2 - 30*n - 6. Calculate z(6).
102
Let x(v) = 301*v - 73139. Determine x(243).
4
Let q(j) = 26*j**3 + 2*j**2 + j. Give q(-1).
-25
Let f(p) = -214*p + 49014. Give f(229).
8
Let p(m) = m**2 - 17*m - 27. Determine p(-6).
111
Let n(h) = -648*h + 46668. Determine n(72).
12
Let i(f) = 2*f**2 + 98*f - 860. Calculate i(-58).
184
Let q(n) = n**3 + 16*n**2 + 51*n + 6. Give q(-4).
-6
Let w(v) = -3*v**3 + 28*v**2 - 51*v + 141. Calculate w(8).
-11
Let c(i) = 3*i**3 - 9*i**2 - 12*i + 30. Calculate c(3).
-6
Let b(f) = 16*f**2 - 653*f + 4119. Determine b(33).
-6
Let w(b) = 12*b - 8. Give w(32).
376
Let m(i) = -3*i**3 + 30*i**2 - 20*i - 13. What is m(9)?
50
Let b(i) = 9*i**2 + 162*i + 159. What is b(-1)?
6
Let p(s) = -64*s - 20. Give p(-2).
108
Let g(b) = 45*b - 737. Calculate g(24).
343
Let p(n) = n**3 + 15*n**2 - 218*n - 3168. Calculate p(-13).
4
Let z(t) = 141*t - 1. What is z(2)?
281
Let q(x) = -x**3 - 10*x**2 - 146*x - 378. Calculate q(-3).
-3
Let l(y) = -4*y**2 - 758*y - 5091. Give l(-7).
19
Let c(x) = -x**2 - 24*x - 93. Determine c(-20).
-13
Let x(p) = 7*p**2 + 651*p - 663. Give x(-94).
-5
Let h(a) = a**2 - 22*a + 46. Calculate h(22).
46
Let v(k) = -72*k**2 + 18*k + 10. Calculate v(3).
-584
Let r(m) = -m**2 - 49*m + 1190. Determine r(-67).
-16
Let h(f) = f**3 + 12*f**2 - 267*f + 1443. Determine h(-25).
-7
Let p(r) = 37*r + 3093. What is p(-84)?
-15
Let k(r) = -r**2 + 26*r + 542. Give k(-16).
-130
Let a(w) = w**3 - 27*w**2 - 103*w - 122. Determine a(31).
529
Let u(t) = t**2 - 207*t + 2443. What is u(12)?
103
Let k(b) = 30*b - 697. Determine k(26).
83
Let z(p) = -68*p**2 - 2. What is z(-1)?
-70
Let r(x) = x**3 - 300*x**2 + 533*x + 18770. Calculate r(298).
-4
Let l(o) = -o**3 - 40*o**2 + 2012*o - 313. Determine l(29).
6
Let m(u) = -119*u**2 - 29*u - 29. Give m(-1).
-119
Let j(i) = 202*i**3 + 4*i**2 - 14*i + 11. Calculate j(1).
203
Let s(f) = -1964*f + 5944. What is s(3)?
52
Let m(x) = -2*x**3 + 73*x**2 - 66*x - 7. Calculate m(1).
-2
Let m(c) = 773*c**2 + 4642*c - 3. Give m(-6).
-27
Let z(d) = -d**3 - 8*d**2 - 10*d - 18. What is z(-4)?
-42
Let c(r) = -4*r - 910. What is c(-41)?
-746
Let a(o) = 50*o - 4021. Give a(80).
-21
Let q(x) = -x**3 + 47*x**2 + 202*x - 11. Calculate q(-4).
-3
Let s(q) = -34*q + 256. Give s(9).
-50
Let g(w) = -w**3 + 95*w**2 + 175*w + 1857. Determine g(97).
14
Let c(w) = -499*w + 52. Calculate c(0).
52
Let n(k) = 28*k**3 + 195*k**2 - 19*k - 80. Calculate n(-7).
4
Let i(s) = -22*s - 129. What is i(-4)?
-41
Let v(j) = -j**3 - 67*j**2 - 54*j + 623. What is v(-66)?
-169
Let q(k) = -k**3 - 9*k**2 + 55*k + 437. Determine q(-11).
74
Let g(n) = n**3 - 12*n**2 + n + 30. What is g(11)?
-80
Let a(r) = r**2 + 59*r + 781. What is a(-20)?
1
Let z(b) = -b**2 + 57*b + 3481. What is z(-37)?
3
Let u(g) = -8*g**2 - 299*g - 50. Calculate u(-37).
61
Let d(a) = a**3 + 17*a**2 - 19*a - 28. Give d(-18).
-10
Let i(f) = -f**3 - f**2 + 4*f + 23. Calculate i(-3).
29
Let c(x) = -9*x**3 - 45*x**2 + 44*x + 1. What is c(1)?
-9
Let y(k) = -7*k**2 + 32*k + 97. Calculate y(-3).
-62
Let j(s) = s**2 - 74*s - 81. What is j(75)?
-6
Let u(j) = 34*j**2 + 2417*j + 236. Determine u(-71).
23
Let t(h) = h**3 + 77*h**2 - 155*h + 202. What is t(-79)?
-35
Let a(q) = 7*q + 43. Give a(-6).
1
Let w(t) = -t**3 - 9*t**2 + 7*t - 102. Calculate w(-11).
63
Let r(g) = 85*g + 5167. Determine r(-61).
-18
Let a(n) = 3*n**2 + 174*n + 1063. Calculate a(-51).
-8
Let q(i) = -i**3 - 63*i**2 + 116*i - 5412. Determine q(-66).
0
Let t(z) = 162*z - 6658. What is t(41)?
-16
Let x(k) = -57*k + 2865. Determine x(50).
15
Let t(k) = -2*k**3 + 26*k**2 - 87*k + 61. Calculate t(6).
43
Let m(j) = 70*j**2 + 48*j + 2. Calculate m(-2).
186
Let g(d) = d**2 - 43*d + 235. Determine g(37).
13
Let m(w) = -434*w - 3891. Determine m(-9).
15
Let y(q) = -q**3 + 16*q**2 - 20*q + 82. Determine y(13).
329
Let s(n) = -27*n - 89. Give s(-5).
46
Let m(r) = -2*r**3 - 11*r**2 + 18*r + 111. Give m(-5).
-4
Let m(t) = 27*t + 478. Calculate m(-20).
-62
Let n(f) = -18*f**2 + 85*f - 6. Determine n(3).
87
Let h(a) = -1885*a - 15092. Give h(-8).
-12
Let b(q) = 2*q**2 - 27*q - 163. What is b(26)?
487
Let b(a) = 7*a + 638. Determine b(-91).
1
Let q(x) = 7*x**2 - 126*x + 124. Give q(1).
5
Let d(s) = -s**3 + 2*s**2 + 39*s - 126. What is d(4)?
-2
Let h(p) = -p**3 - 7*p**2 - 946*p - 6618. Determine h(-7).
4
Let c(i) = 335*i - 8378. Calculate c(25).
-3
Let s(m) = -m**3 + m**2 + 41*m + 72. Calculate s(-2).
2
Let p(s) = -s**3 - 34*s**2 + 138*s + 979. Calculate p(-37).
-20
Let w(l) = l**3 - 3*l**2 - 285*l + 849. Determine w(3).
-6
Let y(v) = -v**2 + 93*v + 134. Calculate y(21).
1646
Let v(f) = -f**3 + 8*f**2 - 36*f + 197. Give v(8).
-91
Let b(x) = -x + 51. What is b(4)?
47
Let o(y) = 118*y + 599. Calculate o(-5).
9
Let k(z) = 678*z + 2346. What is k(-3)?
312
Let f(o) = -37*o**2 + 6*o + 20. Determine f(-2).
-140
Let o(w) = w**3 + 128*w**2 + 253*w + 122. What is o(-126)?
-4
Let c(i) = 51*i**2 + 10963*i - 421. Give c(-215).
9
Let h(j) = -13*j - 162. Calculate h(-12).
-6
Let z(o) = o**3 - 2*o**2 - 39*o + 95. What is z(-8)?
-233
Let y(v) = 18*v + 148. Calculate y(-9).
-14
Let h(w) = -w**2 - 19*w + 41. What is h(-22)?
-25
Let u(t) = -t**3 + 4*t**2 + 5*t + 19. Give u(7).
-93
Let j(f) = -f**3 + 18*f**2 - 6*f + 21. Give j(19).
-454
Let n(a) = -1710*a + 11997. Determine n(7).
27
Let k(f) = -19*f - 93. Calculate k(-15).
192
Let q(k) = -108*k + 1043. Determine q(11).
-145
Let l(x) = 11*x + 179. Calculate l(-18).
-19
Let u(r) = 2*r**3 - 27*r**2 + 33*r + 68. Give u(12).
32
Let a(d) = d**3 - 78*d**2 - 333*d + 400. What is a(82)?
-10
Let r(c) = -1559*c - 9353. Determine r(-6).
1
Let b(j) = 32*j + 181. What is b(-16)?
-331
Let d(w) = w**2 + 32*w + 157. Give d(-24).
-35
Let i(a) = -9049*a + 54302. Give i(6).
8
Let f(p) = 3*p**3 + 10*p**2 + 14*p + 15. Give f(-4).
-73
Let d(v) = v**2 - 82*v + 1341. What is d(32)?
-259
Let h(i) = 8*i**2 - 111*i + 69. What is h(13)?
-22
Let z(b) = 2*b**3 - 35*b**2 - 17*b + 66. Give z(18).
84
Let d(k) = -17*k**2 + 13*k - 2. Calculate d(1).
-6
Let o(s) = -s**2 - 10*s + 142. Give o(-17).
23
Let c(t) = t**3 + 132*t**2 + 998*t + 728. Give c(-124).